76?
276
Suppose -s - 1 = 0, 2*s = -25*u + 20*u + 93. What is the greatest common divisor of 46873 and u?
19
Let g be (0 - 0)*(-9)/18. Suppose 368 = 4*b - g. Let w = -56 + b. Calculate the highest common divisor of 108 and w.
36
Suppose -133*a + 13243 + 883091 = -11*a. Calculate the highest common divisor of 155 and a.
31
Let x = 607 + 6269. What is the greatest common divisor of x and 36?
36
Let k be (-3*(-2)/12)/(6*(-19)/(-4966980)). What is the greatest common factor of 5 and k?
5
Let f(a) = 55*a**2 - 12*a + 153. Let g be f(8). Calculate the greatest common factor of g and 49.
49
Suppose -3*c = -3*p + 6*p - 18, 38 = 3*p - 2*c. Suppose -2250 = -p*l - 5*l. Calculate the highest common divisor of l and 200.
50
Suppose 3*r + 2*r + 630 = 0. Let f = -66 - r. Let a be ((0 - 0) + 1)/((-49)/(-1176)). Calculate the highest common divisor of a and f.
12
Let b = -288 - -291. Let u(x) = 2*x**2 + 5*x + 8. Let r be (-68)/14 + 1/(-7). Let v be u(r). Calculate the highest common divisor of v and b.
3
Let k be -27*21/1134 + ((-198)/(-4) - -1). Let c be ((-6)/15)/((-1)/5). What is the highest common divisor of k and c?
2
Let r(n) = -n**3 + 50*n**2 + 37*n + 728. Let k be r(51). What is the highest common factor of 1162 and k?
14
Suppose 0 = -33*z + 37*z - 608. Let o = z - 100. Calculate the highest common factor of 4 and o.
4
Let t be 0 + (-1826)/(-4) + (-111)/222. Calculate the highest common factor of t and 722.
38
Let k be (-16)/4 + 0 + 40. Let d be 3930/917*588/10. Calculate the highest common factor of d and k.
36
Suppose -3*o - 5 = 5*w, o - 20 = -5*w + 3*o. Let b be (161 - w) + (-2)/(-4)*2. Suppose -34 = -3*m + 86. Calculate the highest common factor of m and b.
40
Let u(s) = -4*s**3 - 3*s**2 + 6*s + 7. Let h be u(-3). Let c = -49 + h. Calculate the greatest common divisor of 28 and c.
7
Suppose -38 = -2*r + 44. Suppose -4*v + 16 = 0, 0 = -k - 0*k - 2*v + r. Suppose 611*z + 3454 = 768*z. Calculate the highest common factor of z and k.
11
Suppose -x = -3*z + 53, 4*z = -0*z - 3*x + 49. Suppose -1560 = -4*d + n, d - 456 + 87 = -5*n. Let g = d + -387. What is the greatest common divisor of z and g?
2
Let b(f) = -12*f - 767. Let c be b(-66). What is the highest common factor of 30325 and c?
25
Suppose 0 = 5*y - 144 - 156. Let i be 3 + ((-7)/(-4))/(14/392). Suppose -3*l + i = 7. What is the highest common divisor of l and y?
15
Let m(a) = -155*a - 135. Let c(d) = -52*d - 45. Let w(o) = 10*c(o) - 3*m(o). Let j be w(-3). Calculate the highest common factor of 30 and j.
30
Let o(u) = -u**3 - 9*u**2 - 11*u + 22. Let z be o(-8). What is the highest common factor of 6394 and z?
46
Let k be (-1*(-1)/(-5))/(1/(-55)). Let a(f) = 2*f**3 + 7*f**2 + 3*f - 4. Let b be a(-5). Let u = -39 - b. Calculate the highest common divisor of u and k.
11
Suppose -12 = y + 5*l, -y + 0*l + 3*l = -12. Suppose -88 = -y*d - d. Let m be (49/(-2))/(d/(-44)). Calculate the greatest common divisor of m and 7.
7
Suppose 0 = 5*i + 20, -9*w + 13*w - 4*i + 4860 = 0. Let g be 481/23 + (-106)/w. Calculate the greatest common divisor of g and 987.
21
Let u be (-111 - 9940)*(-1)/2*2. Calculate the highest common factor of 38 and u.
19
Let l be (48/(-6))/(-16)*(3 - 6 - -417). Calculate the greatest common divisor of 161 and l.
23
Let k = -2384 + 2474. What is the greatest common divisor of 1830 and k?
30
Suppose 6*x - 2*x - 96 = 0. Let d(a) = 31*a + 365. Let z be d(-11). What is the highest common divisor of z and x?
24
Let u(l) = -9*l**2 + 162*l - 3*l**3 - 170*l + 7 + 2*l**3. Let f be u(-8). Let s be (f/(21/9))/(1/19). Calculate the highest common divisor of s and 3.
3
Let d be 2/(3/156 - 0). Let c = -98805 - -98844. Calculate the highest common factor of d and c.
13
Let z(o) = -o + 2220. Let n be z(58). What is the highest common divisor of 188 and n?
94
Let s(j) = 26*j**2 + 48*j + 187. Let o be s(-4). Calculate the greatest common factor of o and 2192.
137
Let c = 160 - 152. Let h be (90/c)/((-9)/(-312)). Calculate the greatest common factor of 30 and h.
30
Suppose 4*w = 1 + 43. Suppose w*g = 12*g - 3. Let a(b) = -b**3 + 8*b**2 + 4*b - 11. Let p be a(8). What is the highest common factor of g and p?
3
Let p(y) = 3*y**3 - 2*y + 1. Let r(j) = -j**3 - 17*j**2 + 13. Let c be r(-17). Let t = c - 12. Let s be p(t). What is the highest common divisor of 3 and s?
1
Let y(s) = 1186*s**2 - 112*s - 110. Let l be y(-1). Calculate the greatest common factor of 2304 and l.
36
Let h be 7566/31 + ((-164)/(-62))/(-41). What is the greatest common factor of 64 and h?
4
Let h be 33/11 + 8 + -1. What is the highest common divisor of 1430 and h?
10
Let i(x) = x**3 - 23*x**2 - 105*x - 99. Let g be i(32). Calculate the highest common factor of g and 909.
303
Let c = 26 + -36. Let f(l) = -2*l**2 - 2*l**2 - 2*l**2 + 7*l**2 + 9*l. Let d be f(c). What is the greatest common divisor of d and 50?
10
Let i be 0 + (1819/(-4))/((-122)/488). Calculate the greatest common divisor of i and 51.
17
Let w be 17585 + 100*(-23)/(-92). What is the greatest common divisor of w and 30?
30
Suppose 2*u = 2*k + 904, 2*k = 5*u + 7*k - 2220. Let x = 259 + -195. What is the highest common factor of x and u?
64
Let p(y) = -8*y**3 - 80*y**2 - 14*y - 18. Let a be p(-10). What is the greatest common divisor of a and 4?
2
Suppose 2128 + 609 - 145 = 32*h. What is the highest common factor of h and 2781?
27
Let h be 2/(-4) + (-3824)/32. Let f = -126 - h. Let j(v) = -v**3 - 5*v**2 + 6*v + 2. Let l be j(f). Calculate the greatest common divisor of 10 and l.
2
Let s = -305 - -435. Let o(h) = -3*h**3 + 2. Let j be o(-2). What is the greatest common divisor of j and s?
26
Let q be 1/(412/136 + -3). Suppose -3*u + 3*i - q = -2*u, 0 = 3*i - 9. Let w = u - -48. Calculate the greatest common divisor of w and 115.
23
Let c(y) = 2*y**2 + 4*y - 44. Let f be c(-6). Suppose -h + f*z - 2*z + 15 = 0, -4*h = -5*z - 54. Calculate the greatest common factor of 517 and h.
11
Suppose -6*v = -22 + 40. Let r be (-4 + 2)/(v/18). Suppose -2*w - 622 = -4*g, -3*w + 0 = -3. What is the highest common divisor of r and g?
12
Let s(m) be the third derivative of m**5/15 - m**4/8 + m**3/2 - 14*m**2. Let z be s(1). Suppose 6*y - 2 = z*y. Calculate the greatest common factor of y and 6.
1
Let p = 450 - 206. Suppose -5*z = -4*z - p. Calculate the greatest common divisor of z and 61.
61
Suppose 4*m - 220 = 9*y - 6*y, -m + 5*y + 89 = 0. Suppose -5*o + 13 = -22. What is the greatest common divisor of o and m?
7
Let y = 204549 - 204543. Let t be (-64)/(-10) - (-4)/(-10). Calculate the greatest common divisor of t and y.
6
Let n be (6 - 3312/32)*260/(-6). What is the highest common factor of n and 13?
13
Suppose -3*w + 5*q + 48 = 0, -4*w - 6 = 3*q - 41. Let y(x) = 75*x - 232. Let z be y(5). Calculate the greatest common factor of z and w.
11
Suppose 17*r - 28452 = -5298. Suppose -2*t = 6*h - h - r, -814 = -3*h + 2*t. What is the greatest common divisor of h and 34?
34
Suppose -5*w + 45*v + 1272 = 49*v, -5*w + 1293 = v. What is the highest common divisor of w and 351?
13
Let g(f) = 6*f**3 - 222*f**2 + 34*f + 50. Let p be g(37). What is the highest common divisor of p and 24?
12
Let b be -1 - 1 - (-229 + 18/(-3)). Suppose 217 = 6*q - b. Let v be 3/(-2)*(-3500)/q. Calculate the highest common divisor of v and 20.
10
Let h be (1*(-2 + 2))/1. Suppose 3*j = -h*j + 84. Let d be (780 + -836)/(8/(-6)). Calculate the highest common divisor of d and j.
14
Let m(q) = q**2 + 16*q + 42. Let o be m(-13). Suppose 0 = t - 4*t + o. Let i be -9 + 15 - (0 - t). What is the greatest common divisor of 56 and i?
7
Let d = -49 - -53. Let o be (56/(-60))/(-7) - (-236)/30. Calculate the greatest common divisor of d and o.
4
Let c be 3/9 - (-178)/6. Let a(w) = -3*w + 16*w + 35 - 9*w - 5*w. Let k be a(15). Calculate the highest common factor of c and k.
10
Let c be 457*(4/(-3) + (-14)/(-6)). Let a = c + -437. Let z be 2/6 + 178/6. Calculate the highest common factor of z and a.
10
Let y be (6/2 - (8 - 8)) + -9. Let b be (-67972)/(-60) + y/(-45). What is the greatest common divisor of b and 11?
11
Let m = -225 - -342. Let z be (-18)/m + (-67)/(-13) - -5. Calculate the greatest common divisor of 410 and z.
10
Suppose -103*i - 9408 = -2*b - 102*i, -3*b = -2*i - 14110. Calculate the greatest common factor of 26 and b.
26
